125b3 + 5bd?
12b70
In base 11, what is 163a + 160276?
161905
In base 14, what is d - 25302?
-252d3
In base 15, what is -89ad9 + 2?
-89ad7
In base 16, what is -e4bf72 + 7?
-e4bf6b
In base 2, what is 1000100000011011 + -101111000?
1000011010100011
In base 14, what is 3281203 - -3?
3281206
In base 11, what is -9102100 + -61?
-9102161
In base 4, what is 1 - 10203000222023?
-10203000222022
In base 3, what is 1010 - -2020100102?
2020101112
In base 14, what is -1b50d31 - 4?
-1b50d35
In base 5, what is 332044124 - 200?
332043424
In base 5, what is -124241404 - -431?
-124240423
In base 16, what is b601d + -3f?
b5fde
In base 10, what is 31 - 195348?
-195317
In base 12, what is -590a28 + 1?
-590a27
In base 16, what is -87 + -9458d?
-94614
In base 7, what is 5 + -2630412545?
-2630412540
In base 7, what is -524 - 5114260?
-5115114
In base 13, what is -5 + 3a589985?
3a589980
In base 2, what is -11 - 110011111001011000101?
-110011111001011001000
In base 10, what is 28330 - 6370?
21960
In base 11, what is -1808394 + 85?
-180830a
In base 13, what is 3794bb - b?
3794b0
In base 2, what is 1100110000110010011001101 + 101?
1100110000110010011010010
In base 14, what is 592270 + 3?
592273
In base 4, what is 11303011 + -1300?
11301111
In base 4, what is -112210 + -121113?
-233323
In base 10, what is 3 + -18688959?
-18688956
In base 3, what is 2011 - 2210022012?
-2210020001
In base 10, what is -36921 + 114?
-36807
In base 4, what is -120201230302 - -11?
-120201230231
In base 16, what is -b00b1 - -5?
-b00ac
In base 6, what is -3125533 + -113?
-3130050
In base 11, what is -19 - -265070?
265052
In base 2, what is -100001010111 - -10000001110100?
1100000011101
In base 10, what is 103435847 + 8?
103435855
In base 9, what is 105102 + -3133?
101858
In base 4, what is -100 + 122301323?
122301223
In base 14, what is 13552 - 1652?
11d00
In base 8, what is 26235772 + 2?
26235774
In base 15, what is -c847 - -61?
-c7d6
In base 8, what is 125064 - -2131?
127215
In base 13, what is 6 - 238117?
-238111
In base 15, what is 129ac + -420?
1258c
In base 9, what is 34 - -15530868?
15531013
In base 7, what is 6042442 + 5?
6042450
In base 8, what is 3672 + 150135?
154027
In base 6, what is -2 - 121221552?
-121221554
In base 2, what is -101111111011 - 1101010000?
-111101001011
In base 13, what is -2523294 - 4?
-2523298
In base 8, what is 241 + -157565?
-157324
In base 5, what is -31403 - 333013?
-414421
In base 12, what is 3381 + -12a?
3253
In base 12, what is -2389860 - -10?
-2389850
In base 4, what is -221221000311030 - 3?
-221221000311033
In base 13, what is -615 + 3c011?
3b6c9
In base 3, what is 20021021 + 1002212?
21101010
In base 14, what is -160d9 - 472?
-1656b
In base 2, what is -10101101001000110001011 + 1001?
-10101101001000110000010
In base 12, what is 565b98 + 98?
566074
In base 7, what is 5506223 - -21?
5506244
In base 13, what is 2 + -a6cb724?
-a6cb722
In base 12, what is 3021605 + 2?
3021607
In base 10, what is -17401 + -191?
-17592
In base 3, what is -2111110121 + -102000?
-2111212121
In base 12, what is -4995a42 - -a?
-4995a34
In base 14, what is 6126a + -3a7?
60ca3
In base 11, what is 114 + -3711002?
-3710999
In base 12, what is -9 - 19434?
-19441
In base 8, what is -1522125 + 162?
-1521743
In base 16, what is 78335 + -3a?
782fb
In base 5, what is -31111200030 + 0?
-31111200030
In base 2, what is 1010001101101 - -1010000111000000?
1011011000101101
In base 16, what is -143 + 13471a?
1345d7
In base 11, what is -63a8 - 305?
-6702
In base 5, what is 430200334 - -4?
430200343
In base 16, what is -31e - 9314?
-9632
In base 13, what is -12 - -17b57c6?
17b57b4
In base 9, what is 2 + -12312704?
-12312702
In base 13, what is -233a6 - -571?
-22b35
In base 3, what is 222222201 + -111101?
222111100
In base 8, what is 217732772 + -5?
217732765
In base 9, what is -7262687 - -72?
-7262615
In base 7, what is 10 + -4461606?
-4461566
In base 5, what is -110044 - 11341?
-121440
In base 13, what is -2525 - 194c?
-4174
In base 14, what is -3935d8 + a?
-3935cc
In base 7, what is -104636015 + -22?
-104636040
In base 6, what is -304220044 - -114?
-304215530
In base 10, what is 36635802 - -1?
36635803
In base 15, what is -1 + 78ca9eb?
78ca9ea
In base 4, what is 10320032310321 - -21?
10320032311002
In base 9, what is 716 + -248373?
-247556
In base 10, what is -4881822 - 3?
-4881825
In base 16, what is 754 - -cf9?
144d
In base 2, what is 1111010101100110010 - -111011?
1111010101101101101
In base 2, what is -10000001000100111000 + 1001110?
-10000001000011101010
In base 9, what is -44 + -415025?
-415070
In base 4, what is -1211201332 - 12112?
-1211220110
In base 10, what is -67778 + -312?
-68090
In base 15, what is -4799a + 2c?
-4796d
In base 3, what is -102 - -20212200110?
20212200001
In base 6, what is -1 + 144401002?
144401001
In base 16, what is 47 + -436aa?
-43663
In base 7, what is 1461520364 + 4?
1461520401
In base 13, what is -329627 - 44?
-32966b
In base 16, what is -66d - -39e5?
3378
In base 5, what is -321213 - 142032?
-1013300
In base 15, what is 702be47 - 3?
702be44
In base 2, what is -1000111101000101000101111010 + -10?
-1000111101000101000101111100
In base 14, what is -ad9d6a5 - 0?
-ad9d6a5
In base 10, what is -545799 + -10?
-545809
In base 8, what is 27 - -3045266?
3045315
In base 5, what is 10 - 4212330232?
-4212330222
In base 8, what is -17427 - 212?
-17641
In base 15, what is 3 - 112474c?
-1124749
In base 8, what is -2375502 + 14?
-2375466
In base 14, what is 38649 - 16c0?
36d69
In base 5, what is -423300 + -11100?
-434400
In base 11, what is 2a187036 + -6?
2a187030
In base 6, what is -443212 + 1405?
-441403
In base 6, what is -440342001 - 40?
-440342041
In base 12, what is -7559445 + 4?
-7559441
In base 12, what is -20a - -80b40?
80932
In base 8, what is -20456266 + 2?
-20456264
In base 9, what is -3810 + 1507?
-2302
In base 2, what is 1001110001100000001 + -10110?
1001110001011101011
In base 8, what is 50 - 201613?
-201543
In base 4, what is -201023 - 2123022?
-2330111
In base 4, what is 1131001000 - 102310?
1130232030
In base 13, what is -857 + -13a21?
-14578
In base 4, what is -333 - 101103003303?
-101103010302
In base 5, what is -2440132333 - 0?
-2440132333
In base 4, what is 10 + 2133030210331?
2133030211001
In base 16, what is -10e - -b0a2?
af94
In base 4, what is 3321311 + -203?
3321102
In base 10, what is 2901533 - 4?
2901529
In base 11, what is 38 + -162828?
-1627a0
In base 13, what is -60046 + 60?
-5ccb6
In base 5, what is -231101003022 + -4?
-231101003031
In base 16, what is -163d6 + 211?
-161c5
In base 3, what is -120000221022 + 210?
-120000220112
In base 11, what is -3 - -768a30?
768a28
In base 4, what is 1220201030 + 1232?
1220202322
In base 6, what is 10 - 251335?
-251325
In base 9, what is 3853 - -10688?
14652
In base 11, what is a601298 - -5?
a6012a2
In base 15, what is -16 + -89dab6?
-89dacc
In base 9, what is 527400 - 1070?
526320
In base 5, what is -20344434 - 10?
-20344444
In base 12, what is 1a41 + -6892?
-4a51
In base 12, what is 11792 - 146b9?
-2b27
In base 7, what is -1460244 - -42?
-1460202
In base 10, what is -25286423 - 0?
-25286423
In base 3, what is -200210 - 2210012210?
-2210220120
In base 7, what is -105 + -162643?
-163051
In base 5, what is -2012413303010 - -10?
-2012413303000
In base 9, what is 10848566 - -4?
10848571
In base 5, what is -1 + -332322220?
-332322221
In base 11, what is -2 - -2a4240?
2a4239
In base 2, what is 111010101011 - -100010010?
111110111101
In base 13, what is 2ca9 + -543?
2766
In base 13, what is -4 - 280966a?
-2809671
In base 4, what is 2022023011 - -21111?
2022110122
In base 16, what is 294e + -20ad?
8a1
In base 13, what is -3299 - -2ab2?
-4b7
In base 15, what is a667d88 - -3?
a667d8b
In base 8, what is -1630 - 5530?
-7360
In base 8, what is -24 - -4047500?
4047454
In base 16, what is -440f4620 - -2?
-440f461e
In base 9, what is -53758 - -775?
-52873
In base 8, what is 1 + -674336072?
-674336071
In base 15, what is -106986 - -2?
-106984
In base 10, what is -2461 + -13584?
-16045
In base 12, what is -136a59 + 1?
-136a58
In base 7, what is -446466554 - -5?
-446466546
In base 16, what is 36484 - -22?
364a6
In base 9, what is 877312 + -3?
877308
In base 16, what is 580f - -cbdc?
123eb
In base 15, what is -27c903 + 9?
-27c8e9